/6)/(g/32) is divided by 5.
3
Let k(a) = a**2 - a - 15. Let z be k(0). Let x = 28 + z. Calculate the remainder when 49 is divided by x.
10
Let c be (-8 + 6)*(0 - 1). Let h(m) = 6*m. Let p be h(c). Suppose -2*j + 3*j = p. What is the remainder when j is divided by 5?
2
Suppose -3*r - 17 = -5*y - 2*r, y = 2*r + 7. Suppose y*w = 5*w - 4. Suppose w*i + 1 + 9 = 0, 2*n - 3*i = 101. Calculate the remainder when n is divided by 22.
21
Let a be 6/((-4)/(0 - 2)). Suppose -2*r - a*l + 15 = 0, -2*r = r - 3*l - 45. What is the remainder when 22 is divided by r?
10
Suppose 0 = 2*w - 14*w + 96. Calculate the remainder when 23 is divided by w.
7
Let h(r) = r**3 - 8*r**2 + 6*r + 9. Let o be h(7). Suppose o*i = -32 + 98. Calculate the remainder when i is divided by 7.
5
Suppose -13 = 5*i + 7, 3*v - 5*i - 161 = 0. Let z(w) = w**2 - 10*w - 10. Let n be z(11). Calculate the remainder when v is divided by 17 + (5 - n)/(-4).
15
Let t = -9 - -9. Let u(n) = t*n + 4*n + 2 - 6*n + n**2 - n. Calculate the remainder when u(3) is divided by 1.
0
Let q = 3 + 21. Calculate the remainder when 93 is divided by q.
21
Let g = -24 + 36. Suppose 0 = 5*b - 2*b - g. Let s = -14 - -20. What is the remainder when s is divided by b?
2
Suppose -y + 2*y + 4 = 0. What is the remainder when -2 + 1 + y + 107 is divided by 26?
24
Let w = 8 - 4. Let h(y) = -2*y**2 + y + y**2 + w*y**2. What is the remainder when 10 is divided by h(1)?
2
Let s = -5 + 7. What is the remainder when (1 - 10/6)*-3 is divided by s?
0
Suppose -3*o + b = -162, -o + 280 = 4*o - 5*b. Suppose -126 = -3*j - 2*j - 3*u, 0 = 2*j + u - 50. Let k = o - j. What is the remainder when k is divided by 10?
9
Let y = 110 + -100. What is the remainder when 63 is divided by y?
3
Let m be (1 - 4)*(6 + -7). Suppose 6 = -k + m*k. Calculate the remainder when 6 is divided by k.
0
Suppose -5*t - 109 = 1. What is the remainder when 21 is divided by (-12)/(-6)*t/(-4)?
10
Let b(x) be the first derivative of x**3/3 + 5*x**2/2 + 7*x + 3. Let n be b(-5). Let l(w) = w**2 - 5*w + 1. What is the remainder when 28 is divided by l(n)?
13
Let k be 4/(-3)*(-6)/(-4). Let x = 7 + k. What is the remainder when 9 is divided by x?
4
Suppose 45 = 2*k - 1. What is the remainder when k is divided by 5?
3
Suppose l + 72 = 4*l + 3*f, -3*l + 68 = 2*f. Calculate the remainder when 58 is divided by l.
18
Let b(j) = 2*j**2 - j + 1. Suppose 4*a = 5*k + 34, 2*a - 2*k - 8 = -4*k. Calculate the remainder when a is divided by b(1).
0
Let d = -10 + 17. What is the remainder when 27 + -7 + 2/(-1) is divided by d?
4
Suppose -3*d = 2*d - 3*p + 4, 5*d - 20 = -5*p. Suppose -f = -d + 4. What is the remainder when 20 is divided by (12 + -1)*(4 + f)?
9
Suppose -3*n + 12 = 2*g - 1, 2*g + n - 11 = 0. Suppose -20 = -6*x + 4*x + c, -5*c = g*x - 65. Calculate the remainder when 30 is divided by x.
8
Let k(t) = 12*t**2. Suppose 39*c - 42*c = 9, 0 = -b - 4*c + 34. Calculate the remainder when b is divided by k(1).
10
Suppose -4*p - v = -2*p - 3, v = 5*p - 25. Suppose -4*k = -1 - 7. Suppose 0 = 2*w - 2 - k. Calculate the remainder when p is divided by w.
0
Let g be (-3)/(-3) + 5*-1. Calculate the remainder when 14 is divided by (-30)/g + 3/6.
6
Calculate the remainder when (0 - -73)*1 - 27/9 is divided by 24.
22
Let t(p) = 3*p**2 - 8*p - 5. Calculate the remainder when t(4) is divided by 6.
5
Let w = 6 + 63. Calculate the remainder when w is divided by 36.
33
Suppose 3*q = -q + 8. What is the remainder when 3 is divided by q?
1
Let f(n) = n**2 + n - 5. Let x be f(0). Let m = 3 + x. Let c = m + 22. What is the remainder when c is divided by 11?
9
Suppose 4*r + 4 + 0 = 0. Let h = 121 - 83. What is the remainder when h is divided by r/(-3) + (-76)/(-6)?
12
Calculate the remainder when 180 is divided by (19 - 6)/(3/6).
24
Let n(j) = j**2 - 21*j - 29. What is the remainder when 218 is divided by n(23)?
14
Let h = 28 + -13. Suppose 3*x - x = -2*k + 116, -5*x = -h. What is the remainder when k is divided by 14?
13
Let z = -3 - -5. Suppose -3*d + 75 = x, -6*x + 3*x = d - 257. Suppose x = z*c + c. What is the remainder when c is divided by 15?
14
Let d = -19 + 18. Suppose -3*o + 2*r + 39 = 0, -o + 20 = -0*o - 3*r. What is the remainder when o is divided by d + -3 - (-10 + 0)?
5
Suppose -y = -3 - 4. What is the remainder when y is divided by 2?
1
Let h(w) be the second derivative of -w**5/20 + w**4/3 + 4*w. Suppose 4*x = c + 109, 18 = 3*x - 3*c - 75. Calculate the remainder when x is divided by h(3).
8
Suppose -3*g = 4*h - 107, h - 3*h - 3*g + 49 = 0. What is the remainder when 171 is divided by h?
26
Let j = -2 + 4. Suppose 2*o = -4*f + 10, -j*o - o + 3*f = 12. What is the remainder when o/(-2)*2 + 1 is divided by 1?
0
Suppose 22*k - 119 = 343. What is the remainder when 228 is divided by k?
18
Calculate the remainder when (-7)/((-7)/(-4)) + 44 is divided by 7.
5
Suppose -22 = -4*u + 50. Calculate the remainder when 33 is divided by u.
15
Suppose -65 = -8*i + 3*i. What is the remainder when 24 is divided by i?
11
Let w(g) = -3*g - 29. Calculate the remainder when 24 is divided by w(-12).
3
Suppose 3*b - 285 + 60 = 0. What is the remainder when b is divided by 13?
10
Suppose -2*l - 16 = -2*n, -10 = -5*n - 2*l + 23. Let y = 2 + n. What is the remainder when 16 is divided by y?
7
Let h(w) = -4 + 4*w**2 - w**2 + 6*w + 3*w - 4*w**2. Calculate the remainder when h(7) is divided by 6.
4
Let k = -55 - -55. Suppose -3*z - 2*n - 1 = -13, -4*n = -12. Suppose k = -3*i + z + 16. Calculate the remainder when 9 is divided by i.
3
Suppose -4*q + 119 = -145. Suppose -3*j + 35 = -5*z + z, 4*j - 52 = 4*z. What is the remainder when q is divided by j?
15
Let q be (-80)/15*(-15)/4. Calculate the remainder when (q/12)/(2/6) is divided by 2.
1
Calculate the remainder when 2/7 - 187/(-7) is divided by 7.
6
Let b(m) = -m**3 + 5*m**2 + 6*m - 7. Suppose -q + 2*h - 2 = 5*h, 2*h + 36 = 2*q. Calculate the remainder when b(5) is divided by q.
10
Let h = -6 - -6. What is the remainder when 8 is divided by (-3 + 8)*(1 - h)?
3
Let n(v) = v**3 - v + 8. Let f(g) = g**2 + 6*g + 3. Let s be f(-6). Let r(z) = z + 2. What is the remainder when n(0) is divided by r(s)?
3
Let s(j) = 160*j - 7. What is the remainder when s(1) is divided by 11?
10
Suppose -u - 4 = 17. Let b be 28/u*(-3)/(-2). Let t = b - -11. Calculate the remainder when t is divided by 3.
0
Suppose -4*p + c = 3*c + 192, -2*p = 3*c + 92. Let w = 83 + p. Let i(f) = -f**2 + 2*f + 9. What is the remainder when w is divided by i(0)?
7
Let q = 581 - 365. Suppose -3*h = -7*h + q. Calculate the remainder when h is divided by 14.
12
Suppose 3*u = m + 112, -11*m + 8*m = -5*u + 184. Calculate the remainder when u is divided by 10.
8
Let x(s) = 15*s**2 + s + 1. What is the remainder when 59 is divided by x(-1)?
14
Let d = -3 - -2. Let t(k) = 9*k**2 + 2*k + 1. Calculate the remainder when t(d) is divided by 5.
3
Let a = 52 - 45. Calculate the remainder when a is divided by 2.
1
Suppose 7*z = 2*z + g + 26, -23 = -5*z - 2*g. Let y(c) = c**3 - 3*c**2 - 3*c + 4. What is the remainder when y(4) is divided by z?
3
Let n = 5 - 4. Calculate the remainder when 54 is divided by (-2)/2*n*-19.
16
Let z = -4 - -8. Suppose w - z*w + 12 = 0. Suppose 2*v - 40 = -3*v - 5*c, -w*c - 8 = -v. What is the remainder when 22 is divided by v?
6
Let d(n) = -n + 12. Let w be d(8). Suppose 66 = w*p + 6. Calculate the remainder when 28 is divided by p.
13
Suppose -5*q + v + 5 = 0, 2*q + 0*q + v = -5. Suppose q = -4*z + a + 13, 0 = -4*z - 0*a + 3*a + 23. What is the remainder when -3 + 3 - (-52)/z is divided by 7?
5
Suppose -2*h - 3*a + 21 = 2*h, 2*a = -h - 1. What is the remainder when 8 is divided by (-47)/(-9) - 2/h?
3
Let c(t) = -t**3 - t. Let n(q) = 2*q**2 + 1. Let y(p) = c(p) - n(p). Let i be y(-2). Calculate the remainder when (-38)/(-3)*(2 + i) is divided by 13.
12
Suppose 2*t = -4*z + 366, -3*z + 3*t = -2*z - 74. What is the remainder when z is divided by 30?
29
Suppose -5*x + 78 = h, -x + 15 - 3 = -h. Calculate the remainder when x is divided by 4.
3
Let r be 1/(0 - (-1)/3). Let q be -4*(-2 + 4/(-2)). Suppose 2*n = r*n - q. Calculate the remainder when n is divided by 6.
4
Let u(z) = z**2 - 9*z - 21. Calculate the remainder when u(-7) is divided by 19.
15
Let m(u) = u**2 + 2*u - 22. What is the rema